on divisor of 84 and 231?
21
Calculate the highest common factor of 1040 and 180.
20
What is the greatest common factor of 50 and 6775?
25
What is the highest common divisor of 18 and 1512?
18
Calculate the highest common divisor of 74 and 37.
37
What is the greatest common factor of 3425 and 150?
25
What is the greatest common divisor of 66262 and 14?
14
Calculate the highest common divisor of 12 and 3.
3
What is the highest common factor of 112 and 336?
112
What is the highest common factor of 5 and 115?
5
What is the highest common factor of 20 and 1340?
20
What is the highest common factor of 26025 and 30?
15
Calculate the greatest common factor of 47 and 4747.
47
Calculate the greatest common factor of 45 and 40.
5
What is the highest common factor of 4 and 356?
4
What is the highest common factor of 29 and 10411?
29
What is the highest common factor of 26 and 325?
13
What is the greatest common divisor of 60 and 75?
15
What is the greatest common divisor of 819 and 105?
21
What is the greatest common factor of 180 and 276?
12
What is the highest common divisor of 47 and 1927?
47
What is the highest common divisor of 183 and 61?
61
What is the greatest common divisor of 19197 and 9?
9
What is the greatest common factor of 527 and 34?
17
What is the highest common divisor of 27 and 12?
3
Calculate the highest common divisor of 51 and 493.
17
What is the greatest common divisor of 40 and 56?
8
Calculate the greatest common factor of 14 and 13258.
14
What is the greatest common factor of 102 and 12?
6
What is the greatest common divisor of 1073 and 148?
37
What is the greatest common divisor of 3294 and 270?
54
Calculate the greatest common factor of 14 and 3794.
14
What is the highest common factor of 260 and 12740?
260
Calculate the highest common factor of 296 and 8.
8
What is the greatest common divisor of 45 and 6780?
15
Calculate the highest common divisor of 65 and 2171.
13
What is the highest common divisor of 342 and 627?
57
What is the highest common factor of 972 and 48?
12
What is the greatest common factor of 812 and 378?
14
What is the greatest common divisor of 308 and 539?
77
Calculate the greatest common divisor of 5 and 448.
1
What is the greatest common factor of 6501 and 33?
33
Calculate the highest common divisor of 58 and 725.
29
What is the highest common divisor of 91 and 104?
13
What is the greatest common divisor of 12 and 13644?
12
Calculate the greatest common divisor of 44 and 484.
44
Calculate the greatest common divisor of 20 and 5530.
10
What is the greatest common factor of 784 and 976?
16
Calculate the highest common factor of 50 and 15.
5
What is the highest common divisor of 224 and 1372?
28
Calculate the highest common factor of 1651 and 26.
13
What is the greatest common divisor of 676 and 39?
13
What is the greatest common divisor of 1537 and 106?
53
Calculate the highest common divisor of 42 and 399.
21
Calculate the highest common factor of 46 and 10603.
23
What is the greatest common factor of 729 and 108?
27
What is the greatest common factor of 24 and 204?
12
What is the greatest common factor of 174 and 29290?
58
Calculate the greatest common divisor of 3395 and 175.
35
What is the highest common divisor of 36 and 11547?
9
Calculate the greatest common factor of 24 and 1448.
8
Calculate the greatest common divisor of 26 and 650.
26
Calculate the highest common divisor of 212 and 1.
1
What is the highest common factor of 297 and 702?
27
What is the highest common factor of 954 and 738?
18
What is the highest common factor of 35 and 220?
5
What is the highest common divisor of 1480 and 666?
74
Calculate the highest common divisor of 159 and 901.
53
Calculate the highest common divisor of 78 and 1482.
78
Calculate the greatest common factor of 100 and 8650.
50
What is the highest common factor of 1192 and 745?
149
Calculate the highest common factor of 72 and 693.
9
What is the greatest common divisor of 10464 and 192?
96
Calculate the highest common divisor of 205 and 123.
41
What is the highest common divisor of 3115 and 70?
35
Calculate the highest common divisor of 4437 and 12.
3
What is the greatest common divisor of 1 and 9?
1
Calculate the highest common factor of 1023 and 744.
93
Calculate the greatest common factor of 14 and 1358.
14
Calculate the highest common factor of 35 and 189.
7
What is the highest common divisor of 4 and 26?
2
What is the highest common divisor of 24 and 23340?
12
What is the highest common divisor of 897 and 195?
39
What is the greatest common divisor of 1375 and 330?
55
What is the highest common divisor of 9466 and 2?
2
Calculate the greatest common factor of 11264 and 176.
176
What is the greatest common factor of 3 and 2?
1
Calculate the highest common divisor of 55 and 2515.
5
What is the greatest common divisor of 10148 and 129?
43
Calculate the greatest common factor of 13 and 767.
13
What is the greatest common divisor of 451 and 88?
11
Calculate the greatest common divisor of 99 and 693.
99
Calculate the highest common divisor of 1064 and 2527.
133
What is the highest common divisor of 5269 and 11?
11
Calculate the greatest common factor of 560 and 238.
14
What is the highest common divisor of 1148 and 476?
28
Calculate the greatest common divisor of 52 and 4108.
52
Calculate the greatest common divisor of 4158 and 165.
33
What is the greatest common divisor of 76 and 6232?
76
Calculate the highest common divisor of 54 and 1764.
18
Calculate the highest common factor of 55 and 11.
11
What is the highest common factor of 15623 and 17?
17
What is the highest common divisor of 475 and 817?
19
Calculate the highest common divisor of 222 and 240.
6
What is the greatest common factor of 1716 and 1188?
132
Calculate the highest common factor of 450 and 25.
25
Calculate the greatest common divisor of 12 and 1500.
12
What is the highest common factor of 8652 and 84?
84
Calculate the highest common factor of 279 and 1023.
93
Calculate the greatest common factor of 294 and 189.
21
Calculate the highest common divisor of 16 and 5608.
8
Calculate the highest common factor of 120 and 30.
30
What is the greatest common divisor of 2 and 466?
2
Calculate the highest common factor of 15 and 150.
15
What is the greatest common divisor of 7085 and 208?
13
Calculate the highest common divisor of 533 and 943.
41
Calculate the greatest common divisor of 9828 and 182.
182
Calculate the greatest common factor of 1273 and 201.
67
Calculate the greatest common divisor of 357 and 187.
17
What is the greatest common divisor of 38 and 2?
2
Calculate the highest common factor of 63 and 84.
21
What is the greatest common divisor of 2 and 32?
2
Calculate the highest common divisor of 30 and 105.
15
What is the greatest common divisor of 22 and 11110?
22
What is the greatest common divisor of 350 and 2975?
175
Calculate the greatest common factor of 48 and 3792.
48
Calculate the highest common factor of 736 and 96.
32
Calculate the greatest common factor of 133 and 1273.
19
What is the greatest common divisor of 1161 and 215?
43
Calculate the highest common factor of 42 and 24423.
21
What is the greatest common divisor of 581 and 332?
83
Calculate the highest common divisor of 16 and 688.
16
Calculate the highest common divisor of 90 and 162.
18
What is the greatest common divisor of 41 and 1681?
41
Calculate the greatest common divisor of 1207 and 68.
17
Calculate the highest common divisor of 22 and 319.
11
Calculate the highest common factor of 30706 and 26.
26
Calculate the greatest common factor of 144 and 108.
36
What is the greatest common factor of 77 and 1001?
77
Calculate the greatest common divisor of 4 and 59.
1
What is the greatest common divisor of 1100 and 900?
100
What is the highest common factor of 143 and 793?
13
What is the highest common factor of 64 and 196?
4
What is the greatest common factor of 69 and 3795?
69
What is the greatest common factor of 2976 and 12?
12
What is the highest common divisor of 432 and 126?
18
What is the greatest common factor of 801 and 36?
9
What is the highest common factor of 22 and 4202?
22
Calculate the greatest common divisor of 126 and 63.
63
Calculate the greatest common divisor of 19516 and 328.
164
Calculate the highest common